nd 1920?
60
Let j(f) = 4*f + 2. Let i be j(2). Let k be 8*(-2)/6*59385/(-428). Calculate the highest common divisor of k and i.
10
Let s = -10406 + 11224. Calculate the highest common divisor of s and 18.
2
Let z be (14/(-4))/((-15)/60). Suppose -2*f = z*f - 6240. Calculate the greatest common factor of f and 30.
30
Suppose 0 = -3*i + 1396 - 406. Suppose -6*n - 3*x + 168 = 0, 5*x + 69 - 79 = -n. What is the greatest common factor of n and i?
30
Suppose -1116 - 776 = -4*f. Suppose 0 = 4*h - 5*b - 128, -119 = -68*h + 65*h - 2*b. Suppose -h = -4*x + 135. What is the greatest common factor of x and f?
43
Let g(p) = -5*p - 6. Let r(q) = -q. Let m(h) = g(h) - 2*r(h). Let j be m(-8). Suppose -150 = -3*n - 2*n. What is the greatest common factor of j and n?
6
Suppose -5*x = -3*x - 6. Let u be 18/(-30) + (-136)/(-10). Suppose 41 = 2*c - u. What is the highest common divisor of c and x?
3
Let s = -3944 - -5017. Calculate the highest common factor of 259 and s.
37
Suppose -12*a + 7*a - 20 = 0. Let q be 3/a + 75/4. Let n be ((-52)/91)/((-6)/189). Calculate the greatest common factor of q and n.
18
Suppose -164 = -6*j + 5*j. Suppose j - 20 = 2*m. What is the greatest common divisor of m and 24?
24
Let i be (-14*1 - 1)*352/(-48). Let k be (-68)/102 + 2 + (-982)/(-6). Calculate the greatest common factor of k and i.
55
Let w be ((-1)/(15/(-33)))/(43/1720). Calculate the highest common factor of 1584 and w.
88
Suppose 3*x - 97 = 4*o - 377, 0 = -3*x. Let j(a) = -198*a + 226. Let c be j(1). What is the highest common factor of c and o?
14
Let m(q) = -q**3 + 12*q**2 + 47*q - 242. Let o be m(14). What is the highest common factor of o and 1752?
24
Suppose -22*s - 324 = -13*s. Let t be 75/2*s/(-30). What is the highest common factor of t and 40?
5
Let x = -8056 - -16146. What is the greatest common divisor of 10 and x?
10
Suppose 0 = u - 1338*z + 1342*z - 83, 11*u + 2*z - 1081 = 0. Suppose -2*f + 39 = 3*c, 5*f + 7*c = 4*c + 93. Calculate the highest common factor of f and u.
9
Let s(c) = c**3 + 13*c**2 + 22*c + 9. Let z be s(-11). Calculate the highest common divisor of z and 4167.
9
Let d be (-64)/96 + -3*15/(-27) + 1177. Calculate the highest common factor of d and 279.
31
Let f be 21/4*(2 + 2). Let w = 85 - 207. Let o = 125 + w. What is the highest common factor of f and o?
3
Let z be 12*(93/9)/1. Suppose 257*s + 155 = 262*s. What is the greatest common factor of z and s?
31
Suppose 0 = 14*j - 12*j - 1192. What is the highest common factor of j and 1341?
149
Suppose -2*q = -v + 77, -2*v - 2*q = 2*v - 328. Calculate the greatest common factor of v and 7857.
81
Suppose 101 = 8*s - 203. Let d = 119 - 114. Suppose -d*z + 5 = 5*h - 100, -z + 13 = -3*h. Calculate the greatest common factor of z and s.
19
Let m be (-135)/(-27) + (-50)/2*-1. Let g be (6 + -1)*(0 - -34). What is the greatest common factor of m and g?
10
Let w = -558 + 997. Let f = w - 151. Calculate the greatest common divisor of 18 and f.
18
Let m = -18 + 20. Suppose m*n - h = 19, -3*h = n + 4 - 24. Let x be (-220)/3*(-6)/5. Calculate the highest common divisor of n and x.
11
Suppose 0 = 186*m - 164*m - 6336. Calculate the highest common divisor of 162 and m.
18
Let h(p) = p**3 - 42*p**2 + 84*p - 40. Let d be h(40). What is the greatest common divisor of d and 2280?
120
Let t(n) = 2*n**2 + 185*n - 1599. Let c be t(9). What is the greatest common divisor of 2166 and c?
114
Let d be (36/(-30))/((-9)/(-30)). Let z be (-561)/(-3) - 1/(d/12). What is the highest common divisor of 10 and z?
10
Let h(y) = 1798*y**2 - 1501*y + 1500. Let f be h(1). Calculate the greatest common divisor of f and 3.
3
Let h be 3 - (-4 + 20/4). Suppose -52 = -2*y + 2*g + 16, -2*y - h*g = -56. Calculate the highest common divisor of 403 and y.
31
Let k be ((-60)/(-25))/(3/110). Suppose -364 - 108 = -2*m - 4*i, 4*m - 962 = -2*i. What is the highest common divisor of m and k?
22
Let n = 62 + -29. Let v be (-7206)/(-45) - (-7)/((-315)/6). Let r be ((-1200)/v)/((-2)/44). Calculate the highest common divisor of r and n.
33
Suppose -2*f = 3*s - 235 + 52, f = 4*s + 64. Calculate the highest common factor of 1785 and f.
21
Let y = -514 + -1. Let g = y + 843. Let a(c) = 40*c**3 - 36*c + 37. Let r be a(1). Calculate the greatest common factor of g and r.
41
Let t be (21/(-28))/((-399)/6536)*7. Let w be (3/(-6)*2)/(-1). Calculate the highest common divisor of t and w.
1
Suppose -14*l = -70*l + 784. What is the greatest common factor of l and 7798?
14
Let x = 17214 - 17204. Calculate the greatest common divisor of 9070 and x.
10
Let t be (-12 - 299/(-26))*-126. Let g(b) = b**3 - 3*b**2 + 6*b - 9. Let m be g(3). What is the greatest common factor of m and t?
9
Let w = 35 - 45. Let k be 2/w*-2 + (-240)/(-25). Let y = -31 - -41. Calculate the greatest common divisor of y and k.
10
Suppose 7*a - 100 = 2*a. Let r = a - 21. Let n be (-7 - -3) + r + 50. Calculate the greatest common divisor of n and 18.
9
Let p(f) = 55*f - 205. Let i be p(10). Suppose 3*a = 7*a + 852. Let r = a + i. Calculate the highest common factor of r and 88.
44
Suppose -348 = -3*g - 249. Suppose 6*k = k - 4*q + 84, 2*k - g = -q. Suppose -251 = -5*s - 11. Calculate the highest common factor of s and k.
16
Let y be (198/(-5))/((-134)/670). Calculate the greatest common factor of y and 165.
33
Let t(q) = q**3 + 6*q**2 - 303*q - 29. Let f be t(-19). Calculate the greatest common factor of 6831 and f.
207
Suppose 7*g - 251 + 48 = 0. Suppose 3*o - 7*o - 12 = 0. Let i(u) = -88*u - 3. Let f be i(o). Calculate the greatest common factor of g and f.
29
Let d = -114 + 424. Calculate the greatest common divisor of d and 30.
10
Let c = -38188 - -39108. Calculate the greatest common divisor of 1240 and c.
40
Let x(g) = -3*g**3 - g**2 + 7*g - 16. Let q be x(-3). Calculate the highest common divisor of q and 861.
7
Let u(l) = -161*l - 3203. Let h be u(-20). Let j(b) = b + 1. Let f be j(0). Calculate the greatest common divisor of f and h.
1
Let c = 210 + -181. Let y be 3 - 0 - 2*-20*5. Calculate the greatest common divisor of c and y.
29
Let w = -345 + 368. Suppose -2352 = -w*b - 5*b. Calculate the greatest common divisor of b and 28.
28
Let c = -22 + 52. Let w be -1 + (8 + -8 - -11). What is the greatest common divisor of w and c?
10
Let c be (-4)/(-1)*(-1 + 3 + (-343)/(-28)). What is the greatest common factor of 8949 and c?
57
Let a be 12*((-10)/(-20) - (-62)/(-12)). Suppose 0*z - 14 = z. Let i be 33/4 - z/a. What is the highest common factor of i and 72?
8
Let u = 2256 - 2206. What is the greatest common divisor of u and 2575?
25
Suppose -19*j = 12*j - 266197. Suppose 14*a = 737 + j. What is the greatest common divisor of 74 and a?
74
Suppose 328*s - 20925 = -350*s + 213*s. Let b be (5/(-4))/((-3)/24). What is the greatest common divisor of s and b?
5
Suppose -4*w + 3*l = 68, -w - 22 = 2*w + 5*l. Let n(u) = -u**2 - 16*u - 8. Let a be n(w). Let i = 3 + a. Calculate the greatest common factor of 184 and i.
23
Let n(s) = -2*s**2 + 23*s + 14. Let a be n(12). Let d be 413/a + 2 - (-1)/2. What is the highest common factor of 22 and d?
11
Let r(y) = -5*y - 8. Let h be r(-3). Let m be (-13)/(91/(-196))*(-92)/(-16). What is the greatest common divisor of h and m?
7
Suppose i - 4*w - 20 = 0, -i - i + 26 = -w. Let k = 7 + -1. Let u be 2 - (3 - k) - 1. Calculate the greatest common divisor of u and i.
4
Suppose 65*m = 86*m + 101*m - 5734. What is the highest common divisor of m and 24064?
47
Let w = 341 + -293. What is the highest common divisor of w and 708?
12
Let p = -99 - -101. Suppose 0 = -9*w - p*w - 132. Let k be (-45)/w + -4 - 3123/(-12). What is the highest common divisor of 52 and k?
52
Let k(w) = w**3 - 12*w**2 - 16*w + 42. Let u be k(13). Suppose -10*x + u = -7*x. Suppose 0 = -0*f - 4*f + 20. Calculate the greatest common factor of x and f.
1
Suppose 0*a - c - 498 = -3*a, -4*a = -5*c - 664. Suppose -a - 170 = -6*u. Suppose 32*t + 42 = 13*t + 25*t. What is the highest common divisor of t and u?
7
Let b = 268 + -281. Let j(g) = 8*g + 107. Let l be j(b). Calculate the greatest common divisor of 51 and l.
3
Let j(l) = -3*l**2 - 15*l + 78. Let k be j(7). Let t be (-145)/k + 691/6. Calculate the greatest common factor of 145 and t.
29
Suppose -3*y = 2*z - 26, -25*y + 24*y - 2*z + 14 = 0. Wh